vative of 0 + 0*a**4 + 11/60*a**5 + 0*a - o*a**3 + 4*a**2. Determine q(1).
10
Suppose 4*q - 45 = -9. Let h(f) = 0*f**2 + 4*f - q*f**2 + 8*f**2 - 6. What is h(6)?
-18
Suppose 3*r + m = -35, 18*m - 14*m - 55 = 3*r. Let g(p) = p**3 + 12*p**2 - 13*p + 10. Give g(r).
10
Let n(j) be the third derivative of j**7/2520 + j**6/144 - j**5/40 - j**4/2 - 4*j**2. Let u(m) be the second derivative of n(m). What is u(-6)?
3
Let h(k) = -3 + 4*k + k**2 - 2 + 3. Let w = 18 + -36. Let l = -22 - w. Determine h(l).
-2
Let c(l) be the second derivative of -l**7/840 - l**6/720 - l**5/120 - 29*l**4/12 - 11*l. Let b(q) be the third derivative of c(q). Calculate b(-1).
-3
Suppose -w + 4*w = -15. Let x(c) = c**3 - c**2 - 2*c + 5. Let r(z) = z**3 - z + 4. Let s(d) = w*x(d) + 6*r(d). Determine s(-3).
5
Let w be (-12)/(-14)*14/2. Let c(r) = -18*r + 13*r + 7*r**2 - 2*r**2 + 14*r - r**3 - 6. Calculate c(w).
12
Let h = 1895 - 1897. Let m(z) = -2*z**2 + 3*z + 9. Let l(c) = c**2 - c - 4. Let p(w) = -5*l(w) - 2*m(w). Give p(h).
0
Let b(q) = q**2 - 2*q + 6. Let x be b(3). Let p(c) = -c**3 + 8*c**2 + 10*c - 2. Calculate p(x).
7
Suppose 6 = 7*d + 6. Let j(l) = 4*l**3 - 4*l**2 - 6*l. Let p(y) = -y**3 + y**2 + y. Let h(a) = -j(a) - 5*p(a). What is h(d)?
0
Let n(z) be the first derivative of z**3/3 + 3*z**2/2 - 2*z - 66. What is n(-5)?
8
Suppose 6*y + 61 - 49 = 0. Let h(o) = -o. Let k be h(-2). Let n(b) = 3*b**2 - 2*b - 2*b**2 - k + 3. Calculate n(y).
9
Let m(y) be the second derivative of -y**6/240 + y**5/40 + 5*y**4/4 + 19*y. Let j(u) be the third derivative of m(u). What is j(3)?
-6
Let b(a) be the third derivative of -a**4/24 + a**3/2 + 44*a**2 - 26*a. Let s(z) = -z**2 + z + 2. Let v be s(0). Let u = 2 - v. Calculate b(u).
3
Let u(h) = -5*h**3 - 13*h**2 - 9*h + 8. Let d(f) = f**3 + f**2 - 1. Let q(r) = -6*d(r) - u(r). Calculate q(8).
6
Let g = 7 - 14. Let o(p) be the second derivative of p**5/20 + 2*p**4/3 + 7*p**3/6 - 3*p**2 - 1426*p - 1. Give o(g).
-6
Let l(n) = -n**3 - 7*n**2 - 2. Let a be (-34)/8 - 2/(-8). Let i be 732/(-36) - a/(-6). Let x = i - -14. Determine l(x).
-2
Let h(u) = -u**3 - 7*u**2 - 12*u - 1. Let o be h(-5). Let f(x) = -2*x - 6*x + o*x - 1. What is f(-1)?
-2
Let c(p) be the second derivative of p**4/12 - p**3/3 + p**2/2 + 11*p. Let f(w) = w + 1. Let t(m) = c(m) + f(m). What is t(2)?
4
Suppose 0 = 2*m + m - 15. Suppose 0*b + 9 = -b - 2*g, -b - 2 = -m*g. Let q(w) = w**2 + 2*w - 3 - 1 + 4*w. Determine q(b).
3
Let p be (-1)/3 + (-4)/6. Let u(b) be the third derivative of -5*b**4/12 + 1889*b**2. Calculate u(p).
10
Let j(s) = 3*s + s**2 + 462 + 0*s**2 - 459. Let y be (-6)/15 - 26/10. Give j(y).
3
Let w = -12 + 6. Let z(r) be the second derivative of -r**5/20 - 5*r**4/12 + 7*r**3/6 + 4*r**2 - 16*r + 6. Determine z(w).
2
Suppose 0 = -n + 13 - 10. Let i(z) = -31*z**3 - z**2 + 0 + 1 + 28*z**n. Determine i(-1).
3
Suppose 5*c = 8*c + 3. Let s be -4 - (0 - c)*-10. Let h(m) = m**2 - 7*m + 9. Determine h(s).
3
Let k = 1 - -1. Let c(s) = 2 + 4*s**2 + 2*s**3 - s**3 - k*s + 2. Let q(w) = -w**2 - 9*w - 23. Let f be q(-3). Give c(f).
-11
Let k(l) be the third derivative of l**5/30 - l**4/3 - 5*l**3 - 868*l**2. Determine k(6).
-6
Let s(n) be the first derivative of -n**3/3 + 9*n**2 - 16*n - 827. What is s(17)?
1
Let p(g) be the third derivative of g**4/12 + 13*g**3/6 - 16*g**2 - 6. Give p(-9).
-5
Let m(x) be the first derivative of -9*x**4/4 + x**3/3 - x**2 + x + 7. Suppose -4*a = 5*p - a - 19, 4*p + 7 = 5*a. Let k(w) = w - 1. Let f be k(p). Give m(f).
-9
Let v(c) = -c**3 - 10*c**2 - 2*c + 13. Suppose -6*n + 4*n = -b + 20, 3*b + 20 = -2*n. Determine v(n).
33
Let m(i) be the third derivative of i**4/12 + 28*i**3/3 + 127*i**2. What is m(0)?
56
Let c(j) be the third derivative of -j**6/120 + j**5/30 + 13*j**4/24 + 2*j**3 + 16*j**2. Calculate c(5).
2
Let x(d) be the third derivative of -d**6/3 - d**5/60 + d**4/24 + 861*d**2. What is x(1)?
-40
Let n = 23 - 33. Let v = 4 + n. Let d(j) = j - 1. Give d(v).
-7
Let a be 12/18 - ((-7)/3)/1. Let b(z) = 2*z**2 - 6*z + 2. What is b(a)?
2
Let d(f) = 8*f**2 - 11*f - 4. Let v(h) = -7*h**2 + 10*h + 3. Let n(z) = -6*d(z) - 7*v(z). Let m = -4 + 6. Give n(m).
-1
Let u be 3 - (5 + -13)/1 - 5. Let p(g) be the second derivative of 1/12*g**4 - 2*g + g**2 + 0 - g**3. What is p(u)?
2
Let z(g) be the second derivative of -g**4/24 + g**3/2 + 4*g**2 + 9*g. Let t(k) be the first derivative of z(k). What is t(4)?
-1
Let t = 121 + -118. Let u(k) = -8*k - 26 + k**t - 26 - 20 + 75 + 5*k**2. Let h = 11 + -17. Calculate u(h).
15
Let t(k) be the second derivative of k**3/2 - k**2 + 53*k. Let b = 11 - 7. Calculate t(b).
10
Suppose -5*v - 4 - 9 = -4*d, -7 = -2*d + 3*v. Suppose -f + d*y = 6*y, 16 = 3*f - 4*y. Let l(q) = f*q - q**2 - 5*q + 0 - 7 + 6*q. Determine l(6).
-13
Let s(v) = -2*v**2 + 11 - 5*v - 11 + 3. Let x be (4 - 0)/4*-3. Let w be (52/12 + -3)*x. Determine s(w).
-9
Let p(b) = 5*b**3 - 4*b**2 - 2*b - 11. Let r(y) = 2*y**3 - 3. Let s(v) = p(v) - 2*r(v). What is s(4)?
-13
Let v(x) = -2*x - 2. Suppose 9 = c - 2*s, -3*c = 4*s - 16 - 11. Suppose 2*i - c = -i. Give v(i).
-8
Let x(o) = 243*o**3 - 3*o**2 - 248*o**3 - 3*o + o. Let l(p) = -p**3 + p**2 + p. Let z(y) = -2*l(y) - x(y). Calculate z(-1).
-6
Let w(u) = -u**2 - 4*u - 3. Suppose 2 + 12 = f. Let r = f - 19. Determine w(r).
-8
Let k(m) = -3*m**3 + 4 + m + 2*m**3 - 6 + 9*m**2 - 3. Calculate k(9).
4
Let u be 3 - 2 - (1 + -3)*1. Let o(t) = t**2 + 2*t**2 - 4*t + 3*t + 2 - t**3. Determine o(u).
-1
Let p = 51 - 33. Let q be p/(-5) + 14/(-35). Let i(j) be the second derivative of j**4/12 + j**3/2 + j**2/2 + j. What is i(q)?
5
Suppose 15 = t + 4*t - 5*w, -2*w - 4 = 0. Let q(y) = -2*y**3 + y**2 + y - 1. What is q(t)?
-1
Suppose -5*w + 5*q = 40, -4*q + 10 = -2*w - 5*q. Let p(l) = -21*l - 23. Let c(m) = 9*m + 11. Let k(g) = 5*c(g) + 2*p(g). Calculate k(w).
-9
Suppose 5*v + 22 = 7*v. Let k be (-105)/(-33) - -3 - 2/v. Let o(z) = -6*z + 16. Let s(u) = 2*u - 5. Let h(d) = 3*o(d) + 8*s(d). Give h(k).
-4
Suppose b - 4*w - 17 = 2, 0 = 2*w. Let u(r) = b - 35 - 7*r + 18. Give u(1).
-5
Let c(z) be the third derivative of -z**4/4 + z**3 - 3*z**2 - 121. What is c(4)?
-18
Let z(u) = 5*u + 4. Let v(w) = w**3 - 17*w**2 - 18*w + 2. Let k be v(18). Give z(k).
14
Let c(g) be the second derivative of -3*g + 5 - 1/12*g**4 + 1/2*g**3 + 5/2*g**2. Determine c(5).
-5
Let m = -197 - -194. Let l(g) be the third derivative of g**2 + 0 - 1/8*g**4 + 0*g + 0*g**3. What is l(m)?
9
Let f(p) = p - 23. Let n(l) = 2*l - 37. Let k(b) = 5*f(b) - 3*n(b). Give k(-12).
8
Let u(b) = 27*b - 5. Let r(k) = -7*k + 1. Let y(z) = -9*r(z) - 2*u(z). Let g be (4 + 3)*(-2)/(-14). Calculate y(g).
10
Let s(c) = -7*c**3 - c + 3. Let y(o) = -11*o**3 - 2*o + 5. Let j(t) = -8*s(t) + 5*y(t). Let f be 1/(1/2 + 0). What is j(f)?
5
Let p(i) be the second derivative of 0 + 1/12*i**4 + 0*i**2 - 6*i - 1/6*i**3. Let h be p(0). Let z(t) = -t**2 - t + 20. Calculate z(h).
20
Let s(c) = -4*c + c - c**2 - 7 - 4*c. Let h = -117 + 112. Give s(h).
3
Let u be (2 + 0)*-2 + 29. Let h(w) = 2 + u*w - 5*w**2 - 25*w + 3*w**2. Give h(-2).
-6
Let d(r) = r**3 - 4*r**2 + 2*r - 1. Suppose 0*t - o = 3*t - 18, 2*t - 4*o = 12. Let n(i) = -i**2 + 8*i - 9. Let s be n(t). Give d(s).
-4
Let d(h) = h - 18*h**2 + 3*h**2 + 16*h**2 - 6*h + 2. Calculate d(5).
2
Let v(d) be the first derivative of -3*d**2/2 + 68*d - 10. Let s be v(23). Let w(n) = 10*n**3 - n**2 - 2*n - 1. Determine w(s).
-10
Let l(d) = -2*d + 2. Let g(o) = 14*o + 9. Let y(u) = g(u) - 4*l(u). Calculate y(1).
23
Suppose -21*b = -22*b + 2. Let m(t) = t**2 + 5*t - 8. Let w be m(-7). Let n(j) = 2*j**b + w*j - j**2 + 17 - 19. Calculate n(-5).
-7
Let u(s) = s - 1. Let n(z) = -1. Let h(r) = n(r) - 2*u(r). Let d(m) = -m. Let t(l) = 3*d(l) - 2*h(l). Suppose g + g = -3*q + 4, 4*q - 6 = -3*g. Determine t(g).
0
Let x = 98 + -96. Let o(a) = a + 3*a**x - 2*a**3 + a**3 + 0*a**3 + a**2 + 2. What is o(4)?
6
Let v(d) = d**3 + 25*d**2 + 47*d + 23. Let l be v(-23). Let i(y) = y**2 + y + 4. Determine i(l).
4
Let w(o) be the second derivative of -o**3/6 - o**2 + 4*o. Let y(f) = f**3 - 12*f**2 + 3. Let h be y(12). Suppose -11 = 2*n + h. Give w(n).
5
Let j(y) = -3*y**3 + 14*y**2 - 20*y - 5. Let d(q) = -q**3 + 4*q**2 - 7*q - 2. Let h(b) = -19*d(b) + 6*j(b). What is h(-6)?
2
Let